
8
Suppose -3*w + 78 = -3*z - 0*z, 2*w - 52 = -5*z. Let b(y) = -23*y**2 + w*y**2 + 1 + 4*y + 4 + y**3 - 1. What is the tens digit of b(4)?
3
Let l(s) = -s**3 - 8*s**2 + 13*s + 141. What is the thousands digit of l(-19)?
3
Let y = 34496 - 23406. What is the tens digit of y?
9
Suppose 73194 = 2*m - j, -62*j = 7*m - 61*j - 256179. What is the tens digit of m?
9
Let c = 29235 + -20785. What is the tens digit of c?
5
Let w(z) = z**3 - 5*z**2 - 11*z - 5. Let m be w(8). Suppose v + 3*d = -300 - m, -v = -2*d + 374. Let r = -265 - v. What is the tens digit of r?
1
Suppose -n + 2*f - 4 = -3*n, -5*f + 10 = 4*n. What is the hundreds digit of n - 4/14 - (-3915)/7?
5
Let o(p) = -3*p**2 + 10*p - 25. Let c be o(7). Let y = 36 - -72. Let f = y + c. What is the units digit of f?
6
Suppose 5*o = -402 + 92. Let q = o + 64. Suppose -q*v = -3*t + 129, 0*t + 3*v = t - 50. What is the units digit of t?
1
Let u = 557 - 38. Suppose 0 = -i + u - 21. What is the units digit of i?
8
Let l(c) = -c**3 + 9*c**2 - 7*c - 6. Let j be l(8). Suppose 0*t = t - 2*u + 58, -j*t - 111 = u. Let f = t - -102. What is the units digit of f?
6
Let u = -9855 - -19617. What is the thousands digit of u?
9
Let g = 1539 + -994. Suppose 0 = -3*t + 4*p + 598, 0 = -5*t + p + g + 446. What is the tens digit of t?
9
Let g = 50 + -46. Suppose g*l + 64 = h, -h = -5*l - 39 - 20. What is the units digit of h?
4
Let q be 4/32 + 130/(-16). Let f(b) = 32*b**2 + 4*b + 9. Let j be f(q). Suppose 9*n - j = -90. What is the units digit of n?
5
Suppose 127*o = -92*o - 32*o + 1042905. What is the thousands digit of o?
4
What is the units digit of (-12)/(-8) + 22/(-44) - -19188?
9
Let y be 2*(-4 - -2) + 8. Suppose 0 = -6*k + 5*k - 5*m + 203, -k + 185 = -y*m. Let d = k + -93. What is the tens digit of d?
0
Suppose -3*m - 4*a = 5917, -5*m - 1034 = -a + 8866. Let g = m + 2796. What is the units digit of g?
7
Suppose 2*m = -3*h + 7964, 0*h - 4*h = m - 3987. What is the tens digit of m?
7
Suppose -34550 = -13*q + 12*q + 4*u, 103580 = 3*q + 2*u. What is the tens digit of q?
3
Suppose -16*i - 7*i + 34730 = 0. Suppose i = 15*g - 10*g. What is the hundreds digit of g?
3
Let m = 2096 + -1489. Suppose -4*g + p + m = 0, -9*g + 6*g - 2*p + 447 = 0. What is the tens digit of g?
5
Let j = 322 + -317. Suppose -j*f = -k + 502, 5*k - 4021 = 2*f - 1534. What is the tens digit of k?
9
What is the hundreds digit of 24/((-672)/(-268))*2009?
2
Let v = 164 + -106. Let z = v - -111. Let n = -8 + z. What is the hundreds digit of n?
1
Let s be 473/(-3) - (-15)/((-585)/(-26)). Let l = 647 + s. What is the tens digit of l?
9
Suppose 47270 = 5*u - 3*y, 15*u - 9432 = 14*u + 5*y. What is the hundreds digit of u?
4
Let k be 14/4*((-80)/(-28) + -2). Suppose 3*h + 2*z - 946 = -3*z, k*h = -3*z + 942. What is the hundreds digit of h?
3
Suppose -5*i = -0*i + 20. Let n be 2/i + (-4203)/(-18). Suppose 2*f + 2*f - 4 = 0, -f = 4*k - n. What is the tens digit of k?
5
Suppose 0 = -31*l + 5*l + 156. Suppose l*f - 682 - 242 = 0. What is the tens digit of f?
5
Suppose 5*b - 2*i = 4*b - 17, 2*i - 86 = 4*b. Suppose -2*v = -v - 47. Let y = v + b. What is the tens digit of y?
2
Suppose 6*m + 5307 = 24747. Suppose 6*w = -4*w + m. What is the hundreds digit of w?
3
Suppose 13*b - 6*b - 91567 = 0. What is the units digit of b?
1
Let j(u) = 341*u**2 - 9*u - 6. Let w be j(-4). Let c be -4 + 79 - (7 - 10). What is the tens digit of (w/c)/((-1)/(-3))?
1
What is the units digit of 4092795/175 + 4/(-10)?
7
Suppose 4*w = -3*j + 8*j - 2857, j = -5*w - 3593. Let l = 9 - w. What is the tens digit of l?
2
Suppose 0 = 4*c - 3 - 33. Suppose c*s - 28 = 7*s. What is the units digit of s/(-3)*(-540)/35?
2
What is the hundreds digit of (7575280/(-35))/(-8) - (93/(-21) - -5)?
0
Suppose -174 = -8*y - 30. What is the tens digit of y + -13 - -55*3?
7
What is the ten thousands digit of 3/((-9)/(-21)) - (-13255 + 131)?
1
Let v = 10092 - -25199. What is the hundreds digit of v?
2
Let f = -345 + 364. Suppose w + f*w - 8400 = 0. What is the tens digit of w?
2
Suppose 46*d - 50428 = 33*d + 74268. What is the hundreds digit of d?
5
Suppose 3073 = 14*q - 7*q. Suppose 4*k = 3*k + q. What is the hundreds digit of k?
4
Suppose 282*f = 288*f - 162. Suppose f*l = 7919 + 13627. What is the hundreds digit of l?
7
Let g be 4/((-16)/(-4660)) - 4. Suppose -8*v + 2847 + g = 0. What is the tens digit of v?
0
Suppose -5*d + 20 = -2*p, 4*d - 5*p + 3*p = 16. Let n(h) = -h**3 - 5*h**2 + 7*h + 6. Let y be n(-6). Suppose y*a - d = -a. What is the units digit of a?
4
Let x be (12/12)/(2/(-906)). Let z = 485 + x. What is the tens digit of z?
3
Suppose 0 = f + 6, -3*s + 10*f - 8*f + 240 = 0. Let n be 234/(1 + 1) + 2. Let j = n - s. What is the units digit of j?
3
Let h = 18723 - -794. What is the tens digit of h?
1
Suppose 5*a + 5*h - 9123 = 3337, -3*h - 3 = 0. What is the tens digit of a?
9
Let s(v) = -149*v**3 - v**2 + 1. Let f(y) = -y**3 - 13*y**2 - 11*y + 13. Let o be f(-12). Let a be s(o). Let h = a + 257. What is the units digit of h?
8
What is the hundreds digit of 372/93*(-23039)/(-2) + -8 + 1?
0
Suppose 3*f = -k - 156, 4*f = f + 2*k - 147. Let o = 75 - f. What is the units digit of o?
6
Suppose -n - 2 = 4. Let s(h) = 50*h + 31. Let p be s(n). Let y = -133 - p. What is the units digit of y?
6
Let n = 29 - 24. Suppose y + 5*a = 219, -3*y + n*a + 657 = 2*a. Let j = -43 + y. What is the units digit of j?
6
Suppose 0 = -3*q + 5*h + 38891, -47*q - 5*h - 64835 = -52*q. What is the tens digit of q?
7
Suppose 3*g - 4*r - 47 = 0, -11*g + 12*g - 5*r - 34 = 0. What is the units digit of ((-53 - -3) + g)*-37?
7
Let j(o) = -70*o - 17. Let v be j(7). Let d be -1*(-2)/14 + v/21. Let s(k) = -k**3 - 24*k**2 - 8*k + 37. What is the tens digit of s(d)?
2
Suppose 4*b = -2*j + 846, -j + b = 2*j - 1304. Suppose 0 = 3*l + 5*o - 865, 2*l + o + 97 - 683 = 0. Let g = j - l. What is the hundreds digit of g?
1
Let v(j) = -j**3 - 5*j**2 - 6*j - 1. Let o be v(-3). Let y be (20/15 + -1)/(o/(-18)). Suppose -k - 220 = -y*k. What is the tens digit of k?
4
Let b = 82 - 79. Suppose b*j - 3279 = -5*u, 4*u - j - 757 - 1856 = 0. What is the hundreds digit of u?
6
Let j = 182 + 245. Let v = j - 280. What is the units digit of v?
7
Let v(f) = 79*f**3 + 2*f**2 - f. Suppose 6 = -u - 2*w - 3*w, 3*w - 12 = 2*u. Let j(s) = s**3 + 6*s**2 - 2*s - 11. Let l be j(u). What is the tens digit of v(l)?
8
Let i be (5 - (-3 - -4)) + 2470. Suppose 0 = -8*w + i + 5302. Suppose -4*t + w = -z, 2*z = -7*t + 4*t + 729. What is the units digit of t?
3
Let w(u) = 15*u**2 + 5*u**2 - 15*u - 3*u**2 + 58*u**3 - 1 - 59*u**3. What is the units digit of w(12)?
9
Let v be -1*(0 + -61)*-1*-3. Suppose j = 1, j - 6*j = 2*z + v. What is the units digit of (z/(-5))/(3/15)?
4
Let t be (108/15)/((-314)/(-310) - 1). What is the tens digit of -2 - 16/(-7) - t/(-7)?
8
Suppose 4833 = -46*g + 22543. What is the hundreds digit of g?
3
Suppose 260 = 5*z + 2*m, -7*m - 104 = -2*z - 4*m. Let d = z - 51. What is the units digit of ((-342)/12)/(d/(-2))?
7
Let b be (-6 + 7)*-3 + 6. Suppose 2*g = 4*s + 1936, -b*s = -g + 248 + 720. What is the hundreds digit of g?
9
Suppose 10*j + 4727 - 23697 = 0. Suppose 14*o - 16*o = -3*v - j, -5*o - 4*v = -4800. What is the units digit of o?
6
Suppose t + 2*x + 3 - 50 = 0, -t + 5*x + 33 = 0. Suppose -y = 2*c - 5 - t, -4*y = 16. Suppose -c - 94 = -2*g. What is the tens digit of g?
6
Suppose -5*r = -4*y + 87989, 38*r - 41*r + 21 = 0. What is the thousands digit of y?
2
Suppose -t + 0*t = -2*g - 10, -g = 3. Suppose 0 = -3*m + 3*a + 282, -t*a + 7*a = m - 90. Suppose u + 41 = m. What is the units digit of u?
5
Suppose -18*q + 11*q - 12999 = 0. What is the tens digit of q/(-6) + 1/(-2)?
0
Suppose -3*w + 312 = -1104. Let p = -178 + w. What is the hundreds digit of p?
2
Let i(k) = k**3 - 16*k**2 - 13*k - 56. Let s(h) = 10*h + 147. Let d be s(-13). What is the units digit of i(d)?
2
Let d = 22191 - 4150. What is the hundreds digit of d?
0
Let d be (-154)/110 - 43/5. What is the hundreds digit of 414 + (-5 - (2 + d))?
4
Let l(h) be the first derivative of h**3/3 - 21*h**2/2 + 55*h - 64. What is the hundreds digit of l(31)?
3
What is the units digit of (-2 - (-23292)/(-3))*((-493)/(-58) + -9)?
3
Let n(i) = 2*i**2 + 10*i + 4. Let o be n(-7). Suppose o = 2*l - 16. What i